h. Suppose 2 = g + h. Let z(s) be the third derivative of -s**4/8 - 2*s**3/3 - 3*s**2 + 4. Calculate z(g).
8
Suppose 17*s - 19 = 168. Let n(g) = g**3 - 10*g**2 - 15*g + 2. Give n(s).
-42
Let r(l) be the first derivative of -l**4/4 + 7*l**3/3 - l**2 + 3*l - 371. Calculate r(7).
-11
Let t = -31 + 15. Let n(g) = -3*g - 18. Let a be n(t). Let p be (-20)/6*45/a. Let z(i) = -i**2 - 5*i - 6. Determine z(p).
-6
Let r(z) = z**2 - 7*z + 5. Let l(u) be the first derivative of u**3/3 - 4*u**2 - 4*u + 11. Let m be l(9). Calculate r(m).
-5
Let m(l) = l - 9. Suppose 0 = 10*r - 8 - 72. What is m(r)?
-1
Suppose 22*y = -11*y. Let f(o) = o**2 + o + 1. Calculate f(y).
1
Let y(p) = -7*p + 3. Let t(o) = 19*o - 9. Let b(l) = 3*t(l) + 8*y(l). Give b(9).
6
Let t be (15/12)/(2/8). Let m(s) = 3*s - 7. Let z(r) = -9*r + 21. Let d(h) = 7*m(h) + 2*z(h). Calculate d(t).
8
Suppose -5*t + 10 + 15 = 0. Let j be 0 + t*5/25. Let p(g) be the third derivative of -7*g**4/12 - g**3/6 - g**2. Calculate p(j).
-15
Let k(s) be the second derivative of -s**4/12 - s**3/2 + 5*s**2/2 - 15*s. Let w(c) = 9*c + 103. Let r be w(-12). Determine k(r).
-5
Suppose 3*n = 4*v - 7*v + 6, -4*n + v = -8. Suppose -4*f + 3*b - 5 = 0, 1 = f - 3*f + b. Let w = f - n. Let m(z) = -7*z**3 - 2*z**2 - z. Determine m(w).
6
Suppose -4*x + 3*z - 151 = 0, -2*z = x - 5*z + 40. Let a = -43 - x. Let h(r) = -r**2 + r. Let s(l) = -7*l**2 + 1. Let m(i) = -6*h(i) + s(i). Calculate m(a).
1
Let w(l) be the second derivative of l**4/12 + 5*l**3/6 - 3*l**2 + l. Let c = 76 + -72. Suppose c*h - 1 = -25. Give w(h).
0
Suppose 1 = -3*w + 5*f - 3, -8 = -5*w + f. Let r be w/(-5) + (-70)/(-50). Let i(s) = -13*s - 5. Let p(q) = 12*q + 4. Let g(m) = 5*i(m) + 6*p(m). What is g(r)?
6
Let q(y) be the second derivative of y**5/60 - y**4/24 - y**3/6 - 13*y**2/2 - y. Let n(a) be the first derivative of q(a). Calculate n(0).
-1
Let g(s) = 3*s**2 - 4. Suppose 4*l = 11*l + 14. Give g(l).
8
Let a = 137 + -145. Let g(u) be the second derivative of u**5/20 + 2*u**4/3 + u**3/6 - 10*u. Determine g(a).
-8
Let i(a) be the second derivative of -1/6*a**3 - 3*a**2 + 2*a + 0. Let n = 1122 + -1128. What is i(n)?
0
Let n(y) = -3*y - 5. Let k(f) = -4*f - 7. Let c(s) = -5*k(s) + 7*n(s). Let t be 2 + 1 + -28 + 30. Determine c(t).
-5
Let w(c) = 2*c**2 + 2*c**2 - 5 - 4*c + 10*c**2 - 10*c**2. Let r(m) = -11*m**2 + 11*m + 15. Let p(n) = 3*r(n) + 8*w(n). Determine p(5).
-15
Let c(j) = 7*j**2 - 10*j + 8. Let g(d) = 6*d**2 + 1. Let h(s) = c(s) - g(s). Let b = -2 - -11. What is h(b)?
-2
Let x(i) = i**2 - i - 1. Let n(a) = -5*a**2 + 2*a + 5. Let z(u) = n(u) + 6*x(u). What is z(-3)?
20
Let t be (-1 + 1)/(-1 + -1). Suppose t = -u - 0*u. Let y(k) = 13 - 4 + 6 - 6 - k. Give y(u).
9
Let z(y) be the first derivative of -24 + 0*y + 1/2*y**2. Let w be (-14)/6 - 4/6. What is z(w)?
-3
Suppose 5*n - n = -a + 2, -a = -2*n - 14. Let i(u) = -5*u + 0*u + a*u. Calculate i(2).
10
Let n(u) = -13 + 20 + 6*u - 2*u + u. Give n(-3).
-8
Let g(h) be the third derivative of h**9/60480 + h**8/10080 + h**7/5040 + h**6/360 + h**5/6 - 12*h**2. Let q(u) be the third derivative of g(u). What is q(-2)?
0
Let q(m) = 1329*m**2 - 18 - 8 + 1331*m**2 - 14*m + 1334*m**2 - 3995*m**2. Give q(-12).
-2
Suppose -2*u + u + 1 = -2*g, -5*u - 1 = -4*g. Let p = -31 + 34. Let w(q) = 6 - q**2 - 7*q**p - q + 0*q**2 - 7. Give w(g).
6
Let v(f) be the first derivative of -f**4/4 + 4*f**3/3 - f**2 + 9*f - 131. Calculate v(4).
1
Suppose 0 = 5*h - 4*w + 69, 3*h + 3*w - 7 = -70. Let z = -15 - h. Suppose -2 = -4*b - 3*y - 11, -z*b + y - 7 = 0. Let s(g) = -2*g - 2. What is s(b)?
4
Let c(t) be the first derivative of -39*t**2/2 - t + 209. Determine c(1).
-40
Let r(b) = -9*b**2 - 3*b + 15. Let x(o) = 11*o**2 + 5*o - 16. Let g(i) = -5*r(i) - 4*x(i). Give g(5).
-11
Suppose 0 = -2*l + 4*l - 22. Suppose 0 = 12*u - l*u - 7. Let d(t) = -t - 79*t**2 + u + 2*t + 78*t**2. Determine d(0).
7
Let c = 31 - 13. Suppose -x = 5*x - c. Let y(w) = -w + 0 + x + 5 + 1. Determine y(0).
9
Let v(l) = -8*l**2 - 2 - 1 - 5*l - l**2 + 3*l**2. Let s be v(-1). Let w(g) = -4*g - g + 4*g. Calculate w(s).
4
Let g = 28 - 31. Let t(c) = 3*c + 6. Let n(m) = -3*m - 5. Let l(v) = -5*n(v) - 4*t(v). What is l(g)?
-8
Let f(t) = -t + 3. Suppose 3*a + 3*h = -54, -h + 2 + 2 = 0. Let m be 8/(-2)*a/8. Suppose -5*q + 3*q = -4, -r = 4*q - m. Give f(r).
0
Let i(n) = -3 - n**2 + n**3 + 391*n + 1 - 2 - 393*n. Determine i(4).
36
Let b(f) = -13 + 5 + 4 + 4*f + 9. Give b(-4).
-11
Let v(m) = 2*m**3 + m + 1. Let t be (-24)/(-72) + 2/6*5. Calculate v(t).
19
Let o(h) be the third derivative of -h**7/840 - h**6/60 - h**5/24 - h**4/24 + 6*h**3 - 3*h**2. Let k(y) be the first derivative of o(y). Determine k(-4).
-13
Let z be (12/14)/(10/(-70)). Let n be ((-9)/27)/(1/z). Let m(k) = 2*k - 3*k + 51 - 52 - k**3 + 2*k**2. Give m(n).
-3
Let y(b) = -10*b**3 + 7*b**3 + 37*b + 4*b**2 + 4*b**3 - 35*b + 4. Give y(-4).
-4
Let t(g) = -4*g**2 - 3*g + 3*g**2 - 2*g. Let a(o) = 2*o - 8. Let l be a(10). Suppose -3*d - l = 4*f + d, -4*d = 2*f + 4. Calculate t(f).
4
Let m(n) be the third derivative of -n**4/8 - 17*n**3/6 - 567*n**2. What is m(-7)?
4
Let s be (-91)/(-4 + -3) - 11. Let c(y) = -2*y**2 - 2*y + 2. What is c(s)?
-10
Let a(s) = 3*s**3 + 4*s**2 + s - 2. Suppose 64 + 24 = -44*z. What is a(z)?
-12
Let w(r) = -4*r + 1. Let h = 22 + -18. Suppose 3 = h*o - 13. Give w(o).
-15
Let d(u) = 3 + 4*u**2 + 0 + 0*u + 3 - 6*u**2 - 3*u. Give d(4).
-38
Let o(i) be the second derivative of 7*i**3/2 + 2*i**2 - 547*i. What is o(-1)?
-17
Let i(x) be the third derivative of -x**6/60 - 23*x**5/60 - 5*x**4/12 + 5*x**3/6 + 174*x**2. Determine i(-11).
-6
Let d(n) = -17*n**3 - 19*n**2 - 5*n - 24. Let b(q) = -24*q**3 - 28*q**2 - 7*q - 35. Let v(f) = -5*b(f) + 7*d(f). Give v(-7).
7
Let p(r) = -23*r**2 + 14*r - 11. Let n(q) be the second derivative of 2*q**4/3 - 5*q**3/6 + 2*q**2 - 14*q. Let k(h) = 11*n(h) + 4*p(h). Determine k(2).
-14
Let f(w) = 6*w + 57. Suppose 5*x = 3*u + 12, 3*u + 29 + 13 = -5*x. Give f(u).
3
Let g(m) = m**3 - 6*m**2 + 4. Let d = 9 + 0. Suppose -j - 3*s + d = j, -s = -4*j + 11. Suppose u - j*u + 12 = 0. Calculate g(u).
4
Suppose 0 = d + 119*d. Let l(n) = n**3 + n**2 - n - 7. Determine l(d).
-7
Suppose 13*l - 2 = 14*l. Let s be (-1)/2*l*5. Let n(k) be the third derivative of -k**5/60 + 7*k**4/24 - 5*k**3/6 - 2*k**2. Give n(s).
5
Let g(p) be the first derivative of p**4/4 + p**2/2 - 74. Determine g(-1).
-2
Let p(w) = w**3 - 5*w**2 - 6*w - 8. Let x be (-2)/3*(-7 + 1 + -3). Determine p(x).
-8
Let l(g) = 3*g - 25 + 45 - 37. Calculate l(7).
4
Let k = 395 + -389. Let t(r) = -r**3 + 7*r**2 - 6*r + 8. What is t(k)?
8
Let s(x) = x**2 + 3*x + 2. Suppose 2*w - 18 = -3*w + 3*q, 2*w + q - 5 = 0. Suppose 7*f = w*f, 0 = 4*l + 3*f + 4. Let k be 2/(-5)*-5*l. What is s(k)?
0
Let z(v) = -9*v - 105. Let o(x) = 4*x + 49. Let h(k) = 11*o(k) + 5*z(k). Calculate h(16).
-2
Let a(x) = -2*x + 8. Let r(q) = -4*q + 11. Let g(w) = -8*w + 21. Let j(d) = 6*g(d) - 13*r(d). Let s(i) = 5*a(i) + 3*j(i). Calculate s(8).
5
Let m(g) = 6*g**3 - 9*g**2 + 10*g - 3. Let k(a) = 5*a**3 - 8*a**2 + 9*a - 2. Let z = 8 - 6. Let u = 9 - z. Let d(i) = u*k(i) - 6*m(i). Calculate d(-3).
4
Let u(m) = 2*m**3 - 19*m**2 + 3*m. Let o(j) = 25 - j**3 + 9*j**2 - 2*j - 25. Let k(f) = 5*o(f) + 2*u(f). Determine k(6).
12
Let l(a) = -2*a**2 + 36*a + 81. Let x be l(20). Let p(u) = 28*u**3. What is p(x)?
28
Suppose 0 = 3*c + 5*n + 26, -2*n - 4 = -4*c + n. Let g(f) = 0 - 3*f**2 + 4*f**2 + 4*f - 2 - 3*f. What is g(c)?
0
Suppose 20 - 14 = 6*x. Let i(f) = -3*f + 1. Calculate i(x).
-2
Let m be (-23)/(253/88) + 11. Let z(d) = -2*d**2 + d**3 - 2*d - 1 + 4 - 2. Calculate z(m).
4
Let j be ((-50)/15)/((-2)/3). Let l(v) = 37*v**2 - 98*v - 25. Let c(b) = -17*b**2 + 45*b + 12. Let a(w) = -13*c(w) - 6*l(w). What is a(j)?
-16
Suppose -2*l + 14 = -4*d, d + 10 = l + 4. Let o = -70 + l. Let x be o/(-10) - (-2)/(-4). Let h(t) = -t**3 + 7*t**2 - 7*t. Give h(x).
-6
Let i(b) = -6*b - 2. Let j(m) = 9*m + 3. Let y(h) = -5*i(h) - 4*j(h). What is y(-1)?
4
Let h(q) be the first derivative of q**2/2 + q + 8. Let p(j) = 20*j + 5. Let k(s) = 6*h(s) - p(s). Determine k(-1).
15
Let c(o) be the first derivative of o**6/120 - o**5/60 - o**4/24 - 29*o**2/2 - 7. Let a(i) be the second derivative of c(i). 